List the prime factors of 47.
47
What are the prime factors of 863?
863
What are the prime factors of 12290?
2, 5, 1229
What are the prime factors of 760?
2, 5, 19
What are the prime factors of 3487?
11, 317
List the prime factors of 51525.
3, 5, 229
List the prime factors of 8092.
2, 7, 17
List the prime factors of 5150.
2, 5, 103
What are the prime factors of 3433?
3433
What are the prime factors of 5992?
2, 7, 107
List the prime factors of 35029.
23, 1523
List the prime factors of 9469.
17, 557
List the prime factors of 12775.
5, 7, 73
What are the prime factors of 3294?
2, 3, 61
What are the prime factors of 24060?
2, 3, 5, 401
List the prime factors of 1374.
2, 3, 229
What are the prime factors of 99548?
2, 41, 607
What are the prime factors of 806?
2, 13, 31
What are the prime factors of 5665?
5, 11, 103
What are the prime factors of 10391?
10391
What are the prime factors of 2519?
11, 229
List the prime factors of 2479.
37, 67
What are the prime factors of 512?
2
What are the prime factors of 2644?
2, 661
What are the prime factors of 5858?
2, 29, 101
What are the prime factors of 1164?
2, 3, 97
List the prime factors of 6031.
37, 163
List the prime factors of 43457.
43457
What are the prime factors of 936?
2, 3, 13
What are the prime factors of 498?
2, 3, 83
List the prime factors of 106.
2, 53
List the prime factors of 700.
2, 5, 7
List the prime factors of 6465.
3, 5, 431
What are the prime factors of 295?
5, 59
What are the prime factors of 1910?
2, 5, 191
List the prime factors of 10364.
2, 2591
What are the prime factors of 1734?
2, 3, 17
What are the prime factors of 1539?
3, 19
What are the prime factors of 149650?
2, 5, 41, 73
What are the prime factors of 78184?
2, 29, 337
List the prime factors of 6481.
6481
What are the prime factors of 1296?
2, 3
List the prime factors of 1125.
3, 5
What are the prime factors of 111468?
2, 3, 7, 1327
List the prime factors of 85206.
2, 3, 11, 1291
List the prime factors of 277.
277
List the prime factors of 9523.
89, 107
What are the prime factors of 2039?
2039
List the prime factors of 547.
547
What are the prime factors of 2674?
2, 7, 191
List the prime factors of 2528.
2, 79
What are the prime factors of 1046?
2, 523
List the prime factors of 1368.
2, 3, 19
What are the prime factors of 32233?
32233
List the prime factors of 48984.
2, 3, 13, 157
List the prime factors of 24935.
5, 4987
List the prime factors of 103.
103
List the prime factors of 9784.
2, 1223
What are the prime factors of 727?
727
What are the prime factors of 17944?
2, 2243
List the prime factors of 1452.
2, 3, 11
List the prime factors of 5666.
2, 2833
List the prime factors of 5624.
2, 19, 37
What are the prime factors of 1714?
2, 857
What are the prime factors of 1580?
2, 5, 79
What are the prime factors of 17683?
17683
What are the prime factors of 7105?
5, 7, 29
List the prime factors of 1386.
2, 3, 7, 11
List the prime factors of 798.
2, 3, 7, 19
What are the prime factors of 290?
2, 5, 29
List the prime factors of 43732.
2, 13, 29
List the prime factors of 4149.
3, 461
List the prime factors of 33078.
2, 3, 37, 149
What are the prime factors of 23098?
2, 11549
What are the prime factors of 2458?
2, 1229
List the prime factors of 14465.
5, 11, 263
What are the prime factors of 132575?
5, 5303
List the prime factors of 5296.
2, 331
List the prime factors of 3511.
3511
List the prime factors of 8764.
2, 7, 313
List the prime factors of 2287.
2287
What are the prime factors of 11003?
11003
What are the prime factors of 984?
2, 3, 41
List the prime factors of 19037.
19037
What are the prime factors of 8586?
2, 3, 53
List the prime factors of 9929.
9929
List the prime factors of 249.
3, 83
List the prime factors of 13386.
2, 3, 23, 97
List the prime factors of 14956.
2, 3739
What are the prime factors of 2624?
2, 41
List the prime factors of 650.
2, 5, 13
List the prime factors of 4227.
3, 1409
List the prime factors of 65159.
23, 2833
What are the prime factors of 767?
13, 59
List the prime factors of 17298.
2, 3, 31
List the prime factors of 4593.
3, 1531
List the prime factors of 14673.
3, 67, 73
List the prime factors of 22104.
2, 3, 307
List the prime factors of 9459.
3, 1051
List the prime factors of 4163.
23, 181
What are the prime factors of 2146?
2, 29, 37
What are the prime factors of 28145?
5, 13, 433
List the prime factors of 91273.
7, 13, 17, 59
What are the prime factors of 1287?
3, 11, 13
List the prime factors of 3980.
2, 5, 199
List the prime factors of 158.
2, 79
What are the prime factors of 525?
3, 5, 7
List the prime factors of 87133.
87133
List the prime factors of 3352.
2, 419
List the prime factors of 2418.
2, 3, 13, 31
What are the prime factors of 165958?
2, 13, 491
What are the prime factors of 6631?
19, 349
List the prime factors of 6777.
3, 251
List the prime factors of 1813.
7, 37
What are the prime factors of 7575?
3, 5, 101
List the prime factors of 1050.
2, 3, 5, 7
List the prime factors of 8023.
71, 113
List the prime factors of 105906.
2, 3, 19, 929
List the prime factors of 14678.
2, 41, 179
List the prime factors of 11530.
2, 5, 1153
What are the prime factors of 370?
2, 5, 37
List the prime factors of 1711.
29, 59
List the prime factors of 2682.
2, 3, 149
List the prime factors of 40354.
2, 20177
List the prime factors of 281.
281
What are the prime factors of 99787?
99787
What are the prime factors of 1408?
2, 11
What are the prime factors of 62?
2, 31
What are the prime factors of 1057?
7, 151
List the prime factors of 5029.
47, 107
List the prime factors of 10631.
10631
List the prime factors of 38687.
11, 3517
List the prime factors of 42535.
5, 47, 181
List the prime factors of 15682.
2, 7841
List the prime factors of 12678.
2, 3, 2113
What are the prime factors of 1984?
2, 31
List the prime factors of 776.
2, 97
What are the prime factors of 7815?
3, 5, 521
What are the prime factors of 11718?
2, 3, 7, 31
What are the prime factors of 104?
2, 13
List the prime factors of 17131.
37, 463
What are the prime factors of 16332?
2, 3, 1361
What are the prime factors of 3817?
11, 347
What are the prime factors of 1274?
2, 7, 13
List the prime factors of 11.
11
List the prime factors of 24462.
2, 3, 151
List the prime factors of 8488.
2, 1061
What are the prime factors of 261?
3, 29
List the prime factors of 6.
2, 3
What are the prime factors of 7104?
2, 3, 37
List the prime factors of 1505.
5, 7, 43
List the prime factors of 70359.
3, 47, 499
List the prime factors of 8003.
53, 151
What are the prime factors of 1568?
2, 7
List the prime factors of 2095.
5, 419
List the prime factors of 112513.
59, 1907
List the prime factors of 155617.
7, 11, 43, 47
List the prime factors of 1166.
2, 11, 53
List the prime factors of 65695.
5, 7, 1877
List the prime factors of 1103.
1103
What are the prime factors of 73512?
2, 3, 1021
List the prime factors of 1891.
31, 61
What are the prime factors of 9023?
7, 1289
List the prime factors of 1261.
13, 97
What are the prime factors of 4191?
3, 11, 127
List the prime factors of 15199.
15199
What are the prime factors of 159?
3, 53
What are the prime factors of 1036?
2, 7, 37
List the prime factors of 1915.
5, 383
List the prime factors of 8671.
13, 23, 29
What are the prime factors of 361?
19
What are the prime factors of 4883?
19, 257
List the prime factors of 104088.
2, 3, 4337
What are the prime factors of 2161?
2161
List the prime factors of 5034.
2, 3, 839
List the prime factors of 25619.
11, 17, 137
What are the prime factors of 2783?
11, 23
What are the prime factors of 27148?
2, 11, 617
List the prime factors of 2272.
2, 71
List the prime factors of 513.
3, 19
What are the prime factors of 880?
2, 5, 11
List the prime factors of 54.
2, 3
List the prime factors of 517.
11, 47
What are the prime factors of 854?
2, 7, 61
List the prime factors of 10774.
2, 5387
What are the prime factors of 728?
2, 7, 13
List the prime factors of 77856.
2, 3, 811
What are the prime factors of 19278?
2, 3, 7, 17
List the prime factors of 3175.
5, 127
What are the prime factors of 17197?
29, 593
List the prime factors of 10899.
3, 7, 173
What are the prime factors of 14330?
2, 5, 1433
List the prime factors of 10241.
7, 11, 19
What are the prime factors of 865?
